2 + 31*w + 41. Calculate y(17).
-10
Let m(x) = x - 15. Give m(21).
6
Let l(j) = j**2 + 20*j + 96. Calculate l(-12).
0
Let m(u) = -133*u - 1623. Determine m(-12).
-27
Let p(v) = 148*v - 65. What is p(3)?
379
Let b(x) = x**3 + 30*x**2 - 617*x - 36. Determine b(-44).
8
Let c(l) = -l**2 - 56*l + 289. Determine c(5).
-16
Let v(y) = 9*y**3 - 34*y**2 + 31*y - 4. Calculate v(2).
-6
Let z(u) = 2*u**2 + 20*u - 73. Give z(-13).
5
Let k(d) = -21*d**2 + 14*d + 10. Determine k(2).
-46
Let f(k) = -54*k + 391. Give f(7).
13
Let x(n) = n**2 - 32*n + 52. What is x(11)?
-179
Let p(n) = -3113*n - 34282. Calculate p(-11).
-39
Let t(g) = 3*g**2 - 27*g - 89. Give t(12).
19
Let g(w) = -8*w**2 - 29*w + 14. Calculate g(-4).
2
Let z(k) = -3*k**3 + 6*k**2 - 6*k + 13. Give z(5).
-242
Let j(b) = -8*b**2 - 632*b. Give j(-79).
0
Let k(a) = a**2 - 15*a - 18. Determine k(0).
-18
Let i(g) = g**2 + 11*g - 311. Give i(-28).
165
Let j(z) = -z**3 - 14*z**2 - 44*z - 22. Determine j(-4).
-6
Let h(b) = -26*b - 874. Calculate h(-34).
10
Let n(f) = 2*f**2 - 627*f + 2783. Calculate n(309).
2
Let b(h) = h**2 - 37*h - 122. Give b(44).
186
Let z(y) = 2*y**3 - 111*y**2 + 56*y - 62. Give z(55).
-7
Let t(u) = -6*u + 50. Determine t(11).
-16
Let a(d) = 4*d**2 - 55*d + 51. Calculate a(10).
-99
Let t(x) = x**3 - 31*x**2 - 65*x - 27. Give t(33).
6
Let x(b) = -24*b + 287. What is x(10)?
47
Let j(u) = -72*u + 704. Determine j(10).
-16
Let z(v) = -102*v + 2052. Calculate z(20).
12
Let y(d) = -4*d**2 + 155*d + 50. Calculate y(39).
11
Let r(z) = 3*z**2 - 3*z - 25. What is r(5)?
35
Let y(v) = 2*v**2 + 47*v + 211. Give y(-7).
-20
Let j(g) = -g**2 + 81*g + 341. Give j(-4).
1
Let r(f) = -f**3 - 13*f**2 - 38*f + 5. Give r(-9).
23
Let i(v) = v**2 + 49*v - 6537. Give i(60).
3
Let p(s) = 4*s**2 - s - 400. Calculate p(10).
-10
Let i(f) = -f**3 - 7*f**2 - 20*f - 92. Determine i(-6).
-8
Let a(r) = -21*r**2 + 173*r + 160. What is a(9)?
16
Let f(v) = 21*v**2 - 168*v + 15. Calculate f(9).
204
Let y(g) = -26*g + 19. Determine y(1).
-7
Let q(h) = 7*h + 65. What is q(9)?
128
Let f(m) = 8041*m + 16079. What is f(-2)?
-3
Let r(f) = 3*f**2 + 33*f - 72. Determine r(-13).
6
Let p(i) = 2*i**2 + 133*i + 242. Give p(-70).
732
Let b(w) = 11*w + 51. Give b(-4).
7
Let o(g) = 6*g - 304. What is o(25)?
-154
Let o(f) = f**3 + 38*f**2 - 119*f + 173. Calculate o(-41).
9
Let k(l) = -l**2 + 15*l + 80. Give k(19).
4
Let p(k) = -164*k - 2315. What is p(-14)?
-19
Let y(c) = 119*c + 5710. Calculate y(-48).
-2
Let h(y) = -2236*y - 4478. What is h(-2)?
-6
Let t(j) = -6*j**2 + 282*j + 20. What is t(47)?
20
Let p(q) = -8*q**2 - 14*q + 2. Determine p(-1).
8
Let v(f) = -97*f - 394. What is v(-4)?
-6
Let o(d) = -d**3 - 68*d**2 + 64*d - 251. What is o(-69)?
94
Let w(g) = -g**3 + 22*g**2 + 24*g - 46. Give w(23).
-23
Let m(t) = -t**2 - t - 37. Determine m(-9).
-109
Let u(p) = -34*p**2 + 437*p + 6. Give u(13).
-59
Let l(g) = -7*g**2 - 63*g - 29. What is l(-9)?
-29
Let h(t) = 41*t - 495. What is h(12)?
-3
Let c(h) = -h**3 + 24*h**2 - 18*h - 38. What is c(23)?
77
Let f(d) = -d**3 - 9*d**2 - 18*d - 40. What is f(-12)?
608
Let f(z) = 4*z**3 + 5*z**2 + 20*z + 76. Give f(-4).
-180
Let x(q) = -26*q**2 + 290*q + 22. Calculate x(11).
66
Let u(v) = -5*v**2 - 70*v - 170. Give u(-11).
-5
Let n(v) = 8*v**2 - v. Give n(2).
30
Let x(d) = -301*d - 6319. Calculate x(-21).
2
Let g(b) = -11*b**2 + 1201*b - 230. Determine g(109).
-12
Let k(j) = 2*j**2 + 388*j - 26781. Give k(-248).
3
Let k(f) = -71*f + 2534. Determine k(36).
-22
Let w(i) = 85*i + 366. Give w(-4).
26
Let k(u) = -2*u**3 - 23*u**2 - 72*u - 267. Determine k(-9).
-24
Let f(z) = z**2 - 195. Calculate f(-14).
1
Let b(a) = -3*a**2 + 79*a - 581. Calculate b(9).
-113
Let l(a) = -153*a - 148. What is l(-1)?
5
Let i(a) = -148*a**2 - 5*a + 11. Determine i(2).
-591
Let z(s) = -s**2 - 11*s + 218. Determine z(-17).
116
Let n(v) = -v**3 + 8*v**2 - 43*v + 829. Determine n(11).
-7
Let c(k) = k**3 - 25*k**2 + 113*k + 11. Determine c(19).
-8
Let t(q) = 105*q - 12599. What is t(120)?
1
Let o(m) = -24*m + 65. Give o(0).
65
Let s(l) = 201*l + 24715. Calculate s(-123).
-8
Let l(g) = -17*g**2 + 208*g - 26. What is l(12)?
22
Let z(p) = 78*p**2 + 199*p - 2425. Calculate z(-7).
4
Let p(i) = -i**3 - 2*i**2 + 43*i + 10. Give p(8).
-286
Let d(y) = -309*y - 89922. Calculate d(-291).
-3
Let p(l) = -l**3 - 30*l**2 + 23*l - 239. What is p(-31)?
9
Let j(i) = -2*i - 59. Calculate j(6).
-71
Let h(d) = -8*d**2 + 47*d - 13. Give h(7).
-76
Let w(q) = 2*q**3 - 3*q**2 - 8*q + 37. What is w(3)?
40
Let z(t) = -8*t - 201. Determine z(-38).
103
Let c(r) = -41*r + 4307. Calculate c(105).
2
Let w(m) = -5*m**3 + 220*m**2 + 2*m - 76. What is w(44)?
12
Let p(f) = 109*f - 4504. Give p(41).
-35
Let h(b) = 2*b**3 - 6*b**2 + 8*b - 41. What is h(6)?
223
Let w(r) = -30*r - 60. Calculate w(6).
-240
Let x(i) = -2*i**3 - 2*i**2 - 34*i - 54. Determine x(7).
-1076
Let g(v) = 5*v**2 - 299*v + 1538. Calculate g(6).
-76
Let z(c) = 21*c + 34. What is z(-1)?
13
Let v(h) = -2*h**3 - 34*h**2 - 14*h + 39. Give v(-16).
-249
Let t(c) = 9*c**3 + 6*c + 16. Determine t(-2).
-68
Let l(t) = -15*t + 9. Calculate l(-13).
204
Let t(b) = -3*b**2 - 37*b - 112. Determine t(-4).
-12
Let h(v) = -v**3 + 7*v**2 + 35*v + 62. Calculate h(11).
-37
Let p(y) = -10*y**2 - 45*y - 25. Calculate p(-4).
-5
Let c(d) = 3*d**3 - 30*d**2 + 18*d + 6. Calculate c(9).
-75
Let n(t) = -62*t - 350. What is n(-8)?
146
Let f(t) = -3*t**3 - 2*t**2 - 14*t - 34. Determine f(-6).
626
Let y(n) = -2*n**3 + 17*n**2 - 23*n + 92. What is y(11)?
-766
Let n(h) = h**3 + 14*h**2 + 4*h - 44. Determine n(-8).
308
Let j(q) = -115*q**2 + 804*q - 6. Determine j(7).
-13
Let b(h) = 24*h**3 - 2*h**2 + 29*h - 27. What is b(1)?
24
Let d(k) = 8*k**2 + 119*k - 25. What is d(-15)?
-10
Let o(c) = 3*c**2 - 425*c + 5010. Calculate o(13).
-8
Let x(o) = -2*o**3 + 18*o**2 - 14*o - 19. Give x(7).
79
Let v(z) = 38*z + 463. Calculate v(-12).
7
Let j(c) = 149*c**3 - 2*c**2 + 11*c - 8. What is j(1)?
150
Let v(k) = 118*k - 2703. Give v(23).
11
Let h(z) = -3*z**2 + 580*z + 4208. What is h(-7)?
1
Let i(d) = -d**2 - 4*d + 29. Determine i(5).
-16
Let w(q) = 6*q**2 - 45*q - 358. Give w(-10).
692
Let v(h) = -2*h**3 - 117*h**2 + 173*h - 133. Determine v(-60).
287
Let l(d) = 38*d + 9. Calculate l(1).
47
Let y(c) = 909*c - 1. Calculate y(0).
-1
Let g(u) = -u**2 - 172*u - 4786. Determine g(-137).
9
Let s(x) = 82*x**2 + 2215*x + 26. Calculate s(-27).
-1
Let h(r) = 3009*r - 3012. Give h(1).
-3
Let k(h) = h**3 + 23*h**2 - 20. Calculate k(-23).
-20
Let t(g) = 158*g + 266. What is t(-4)?
-366
Let j(p) = 28*p**2 - 56*p + 8. What is j(2)?
8
Let i(j) = 133*j - 527. Give i(4).
5
Let o(d) = -46*d - 5080. Determine o(-110).
-20
Let m(q) = 3*q**3 - 49*q + 96. Give m(2).
22
Let m(a) = -2*a**2 + 50*a + 197. Give m(-4).
-35
Let h(f) = -102*f**2 + 292*f + 14. Calculate h(3).
-28
Let m(p) = -10*p - 335. What is m(-40)?
65
Let f(s) = -s**3 + 6*s**2 + 7*s - 18. Determine f(-2).
0
Let s(d) = -341*d - 1051. Determine s(-3).
-28
Let o(g) = -14*g**2 + 1076*g + 115. Calculate o(77).
-39
Let d(i) = 109*i - 746. Determine d(7).
17
Let t(b) = 84*b - 622. Calculate t(7).
-34
Let x(l) = 38*l + 634. Determine x(-16).
26
Let h(w) = 70*w**2 + 10922*w + 320. Determine h(-156).
8
Let q(v) = 144*v - 2706. What is q(19)?
30
Let n(j) = -15*j - 153. Calculate n(-11).
12
Let u(v) = -165*v**2 + 16*v + 36. Give u(-2).
-656
Let f(q) = q - 63. What is f(43)?
-20
Let w(m) = -94*m - 9391. Give w(-100).
9
Let f(j) = -888*j + 93272. Calculate f(105).
32
Let k(z) = -2*z**2 + 304*z + 923. Give k(-3).
-7
Let o(u) = -96*u + 2295. Calculate o(24).
-9
Let g(u) = 4535*u - 49878. What is g(11)?
7
Let z(k) = -k**3 - 10*k**2 + 751*k + 7513. Give z(-10).
3
Let l(h) = -h**3 - 17*h**2 + 8*h - 10. Calculate l(-18).
170
Let q(n) = 22*n + 148. Determine q(-17).
-226
Let t(n) = 4*n**2 - 395*n + 9535. Calculate t(42).
1
Let m(c) = -c**2 - 26*c + 51. Determine m(5).
-104
Let d(k) = 9*k**2 + 66*k - 75. Give d(-8).
-27
Let b(u) = -23*u - 756. What is b(-28)?
-112
Let o(a) = -11*a**2 + 6*a + 2246. Calculate o(-14).
6
Let d(t) = -13*t + 262. Calculate d(20).
2
Let n(i) = 15*i + 214. What is n(-6)?
124
Let h(m) = -503*m - 5034. Determine h(-10).
-4
Let c(m) = -9*m**2 - 127*m - 264. What is c(-12)?
-36
Let y(j) = j**3 - 18*j*